) = -61*s - 132. Let l(n) = -31*n - 65. Let x(t) = 2*g(t) - 5*l(t). Is x(26) composite?
False
Is (-13)/(208/359032)*(-1 - 1) a composite number?
False
Let g be (-6)/(-15) - (26/(-10) + -2). Let s be 126/45 + 1/g. Let t(z) = 329*z - 8. Is t(s) a prime number?
False
Let k(l) = -l**3 + 7*l**2 + 2*l + 11. Let r be k(11). Let p be (3 - r)/(-6 - -4). Let g = 30 - p. Is g a prime number?
True
Let h be (-9)/(-4) - (-5)/(-100)*5. Suppose h*p - 5*u - 12849 = 0, -u + 15091 = 2*p + 2212. Is p a prime number?
False
Let j = -114 + 294. Suppose -s + j = -7*s. Is (-26535)/(-25) - 3*(-4)/s prime?
True
Suppose -2*d + 618192 = -5*m, -695772 = -2*d + 4*m - 77584. Is d composite?
True
Is (144/(-66) - -2)*-22 + 24219 prime?
True
Is 4 - 15/(90/(-142494)) prime?
True
Suppose -4*z + 706377 = 7*z + 10*z. Is z prime?
True
Let j(h) = 2423*h + 513. Is j(70) prime?
True
Let c(y) = y**3 - 7*y**2 - y + 8. Suppose -4*d = -3*s + 2, -40 = -4*s - 3*d - d. Let n be c(s). Let g = n - -165. Is g a prime number?
True
Let t be ((-4)/2 - 0)/((-40)/(-20)). Let h(k) = 18*k**2 + 2. Let q be h(t). Is (6/((-96)/q))/((-2)/568) prime?
False
Suppose -2*p = 4 - 4. Suppose p = -q - 5*x + 11, 5 - 4 = x. Is 3/q*7542/9 composite?
False
Let g(o) = -o**3 - 2*o. Let t be g(0). Let y be 4 + 1*(t - -16). Is (-7)/(-1 - y)*(1 + 4658) prime?
True
Let q(g) be the third derivative of -29*g**4/4 - 41*g**3/6 - 4*g**2 - 29. Is q(-7) a prime number?
False
Let q(o) = -o**3 - 21*o**2 + 18*o - 88. Let d be q(-22). Let y(w) = -2*w - 2*w**2 + 4*w**3 - w**3 - 2*w**3 + 11. Is y(d) composite?
False
Let r(c) = -29*c - 89. Let p be r(-6). Suppose 0 = -p*q + 91*q - 97530. Is q prime?
False
Suppose -3*w - 3*b + 9516 = 0, 1278 = 2*w - 6*b - 5018. Is w a prime number?
False
Is (-1408259)/(-1) + -14 + -4 a composite number?
False
Suppose -2*r - 713079 = -5*i, -2*i + 50165 = 4*r - 235105. Is i prime?
True
Is (-21)/((-84)/(-10)) + 23934/4 composite?
False
Suppose 5*n - 4*f - 24 = 0, 4*n - 5*f + 0*f = 21. Let a(o) = o**2 - 5*o + 2. Let r be a(n). Is r + -467*(-15)/5 composite?
False
Let h = -43888 + 146699. Is h prime?
True
Let r = 8 + -3. Suppose r*w - i - 53837 = 28499, 2*w - 4*i - 32938 = 0. Is (w/5 - (-6)/(-15)) + -2 a prime number?
False
Suppose 3*d - y - 21 = -5*y, -21 = -5*d - 2*y. Let h(p) = -17*p - 97. Let o be h(-6). Suppose -8 = 2*j, -d*l + 7*l = -o*j + 2000. Is l prime?
False
Let a(v) be the second derivative of -125*v**3/3 - 57*v**2/2 - 101*v. Is a(-7) prime?
True
Let y(f) = -236*f**3 - 1. Suppose b = z - 4, -5*z + 16 = -3*b - 6. Suppose 2*i - z*i = 3. Is y(i) prime?
False
Let x(m) = 1496*m**2 + 9*m + 38. Suppose -25 + 1 = 6*q. Is x(q) a prime number?
False
Let w(h) = 20705*h**2 - 34*h + 122. Is w(3) a prime number?
False
Let l(v) = 141438*v**2 - 38*v + 37. Is l(1) a composite number?
True
Suppose 22500 = 3*y + 2*t - 192693, -t = 5*y - 358648. Is (y/(-2))/((9/18)/(-1)) a prime number?
False
Suppose -x - 3*x - 2*w = 96, 0 = 3*x + 4*w + 72. Let c be (-4)/3 - 5576/x. Suppose -4*u = -t + u + 62, -4*t + 3*u + c = 0. Is t composite?
True
Let j be -1 - ((-2 - -3) + -4). Suppose v + j*f + 367 = 0, 0 = v + 2*v + 3*f + 1101. Is (2 + -1)*-1 - (-11 + v) a prime number?
False
Let c(p) be the first derivative of p**6/12 - 2*p**5/15 - p**4/24 + 4*p**3/3 - 7. Let s(b) be the third derivative of c(b). Is s(3) a prime number?
False
Let z(y) = -33*y**3 + 5*y**2 - 63*y - 117. Is z(-16) a composite number?
False
Suppose -3*w - 30 = -3*x, -4*x = 5 - 21. Let f be 21/35*-10*3 - -3. Is (w/f)/((-4)/40) - -2811 a prime number?
False
Let l = -192067 + 1002460. Is l composite?
True
Suppose 60*f + 6517 = 62*f + 3*u, u = 2*f - 6497. Is f a composite number?
False
Suppose -398166 + 2344674 = 12*r. Is r composite?
False
Suppose -5*k + 193731 - 839070 = -3*u, -3*u + k = -645363. Is u prime?
True
Let r = 23814 + -9290. Let j = r - 4311. Is j a composite number?
True
Let j = 69986 - 34195. Suppose 5*s = c + 178955, 5*c + j = -3*s + 4*s. Is s a composite number?
True
Let o = -407 - -412. Suppose 0 = -o*s + d + 16890, 2*s + 30*d - 6769 = 33*d. Is s a composite number?
True
Let l be 29/(-4)*(3 - 38387)/4. Let h = l - 39872. Is h composite?
True
Suppose -1081 = 53*m - 21168. Is m composite?
False
Let t be (23/(-4))/((-2)/16). Let g = -42 + t. Suppose -4*c - j + g*j = -3344, -2*c + 1682 = j. Is c composite?
False
Let a(q) be the second derivative of -11*q**3/6 + 3*q**2/2 - 12*q. Let y(t) = 10*t - 3. Let o(w) = -7*a(w) - 6*y(w). Is o(18) a prime number?
False
Let b be 635/(-30)*63/(-2)*4. Suppose -3*v = 4*v - b. Is v a prime number?
False
Is (-90)/(-75) + (-101773)/(-35) a prime number?
True
Let r(f) = -f**3 - 3*f**2 - 4*f - 17. Let l be r(0). Let n(j) = -29*j + 58. Is n(l) a composite number?
True
Suppose -474 = -2*y + 2*h, -3*y + 3*h = -2*h - 713. Let j = 444 - y. Let r = 411 - j. Is r a composite number?
True
Let o be 2196/1 - (-611)/47. Suppose b - 3*r + 1022 = 0, -2*b - 4106 = 2*b - 3*r. Let x = b + o. Is x prime?
True
Let i(b) = b + 4331*b**3 + 18*b**2 - 3*b - 17*b**2. Let w be i(1). Suppose -5*t = 3*d - w, 2*d = -d. Is t a composite number?
True
Let l(y) = -236*y + 1. Let x be l(-8). Let d(v) = 165*v + 20. Let m be d(-6). Let g = x + m. Is g a prime number?
True
Suppose -45*y = -29*y. Let z = 6 + 3. Suppose z*o + 3*o - 15108 = y. Is o composite?
False
Let d be (-78)/8 + 0 - 17/68. Is ((-3148)/6)/((d/15)/1) a prime number?
True
Suppose -2*b - 3*x = -179563, -2*b + 5*x + 45942 = -133629. Is b a composite number?
False
Suppose -3*t + 3*i + 461370 = 0, 0 = -5*t - 2*i + 390194 + 378721. Is t a composite number?
True
Suppose -3*m + 128 = -0*y + y, -42 = -m - y. Suppose m*q = -10344 + 119177. Is q prime?
True
Let r = 0 + 6. Let j(i) = -176*i**2 + 2*i + 14. Let a be j(r). Is 2/(4*(-5)/a) composite?
False
Let j(x) = 34*x + 11. Suppose 2*b - 3*y - 3 = 0, -3*y + 26 = 2*b + 5. Suppose 4*q - b = 6. Is j(q) a prime number?
True
Suppose 11*a = 2350 + 12544. Let v be (-3236)/(-8) + 6/(-4). Let x = a - v. Is x a composite number?
True
Is 641/(1*5/95) composite?
True
Let x = 90122 + -31015. Is x prime?
True
Let m(j) be the second derivative of 13*j**5/10 - 5*j**4/24 + j**3/3 - 43*j**2/2 - 35*j. Let y(f) be the first derivative of m(f). Is y(5) a composite number?
True
Suppose 17*x - 40 = 7*x. Suppose -3*i = 4*m - 14830, 2*i + 14840 = x*m - 0*i. Is m composite?
False
Let j(d) be the first derivative of d**2/2 + 4*d + 1. Let f be j(-2). Suppose 0 = f*l + 3*u - 1063, -5*l + 4*u + 1070 = -3*l. Is l prime?
False
Is ((5619497/78)/19)/(2/12) composite?
False
Let r(w) = 279*w - 23. Let k(q) = q**2 - 5*q + 3. Let s be k(5). Suppose -57 = s*j - 87. Is r(j) composite?
False
Let c = 644 - -1874. Suppose 2*b = 5*z + c, b + 3*z = -2*b + 3735. Is b a prime number?
True
Let g(n) = 544*n + 7. Let o be (-13)/52 - ((-41)/4 + 0). Is g(o) prime?
False
Let f = -7237 - -3421. Let u = -2713 - f. Is u composite?
False
Suppose -3*g + 5 = -4*r, 3*g = -4*r + 2*g + 7. Is (-2 + -4325)*(5 - 6/r) composite?
False
Suppose -u + 106883 = 7*p - 4*p, 2*u = -2*p + 213774. Is u composite?
True
Is (-5842474)/33*(-21)/14 a composite number?
False
Let q(c) = 6812*c**2 + 9*c. Let k be (-5 + 4)/(-9 - -10). Is q(k) a composite number?
False
Suppose 1026*t + 325810 + 2653288 = 1049*t. Is t a composite number?
True
Suppose 8 - 28 = -5*r. Suppose r*x + 5220 = 8*x. Is 6/(-4)*1 + x/10 prime?
False
Is ((-102142)/(-4) + -1)*30*(-28)/(-1260) prime?
False
Suppose -4*v - 3*b + 20 = 0, -2*v - v + 5*b - 14 = 0. Let p be v - (-7)/((-21)/(-2202)). Suppose -h - 2*d + 187 = 0, -4*h + 0*h + p = -4*d. Is h a prime number?
False
Let s be (-9)/(-7) + -1 - (-6016)/(-329). Let i(d) = d**3 + 22*d**2 - 23*d + 23. Is i(s) a prime number?
True
Suppose -26 = -10*u + 8*u + 4*c, 18 = 2*u - 2*c. Suppose 3055 + 10300 = u*a. Is a a composite number?
False
Suppose -6*c - 174 + 18 = 0. Let r be (c - 3) + 6/2. Is (-4)/r - (2 + (-38253)/39) prime?
False
Suppose 40 = 27*x - 14. Is x/((-40078)/160376 - (-34)/136) composite?
False
Let l be 4 + 41638 - (-2)/(4/(-2)). Suppose -8*t - 2*t = 3250. Is 50/t + l/13 prime?
True
Let n be ((-74)/3)/((-16)/24). Let j(m) = n - 10 - 20*m - 14. Is j(-11) prime?
True
Let f = 189462 - 91345. Is f prime?
False
Let n = -15 - -15. Suppose 0 = -y - y - 8, -r + y + 213 = n. Let i = r - -510. Is i composite?
False
Let